t is the units digit of n(q)?
9
What is the tens digit of (416/(-130))/(6/(-1215) - 0)?
4
What is the units digit of (95/20 + 7)*8?
4
Suppose -5*x + 0*x - 5 = 0. Let h = x - -2. What is the units digit of h?
1
What is the units digit of 12/((-10)/2 - 20632/(-4124))?
4
Let u(d) = 6*d**2 + 12*d + 159. What is the tens digit of u(-8)?
4
Suppose 0 = -0*r - 5*r. Let h(u) = -6*u + r + 2 - 5 + 0. What is the units digit of h(-2)?
9
Let j = -47 + 59. Let q(g) = g**2 + g. What is the tens digit of q(j)?
5
Let j be (-2)/13 - 55/65. Let r = 57 + j. What is the tens digit of r?
5
Let z(a) = -a - 2. Suppose 2*i + 1 = -9. Let h be z(i). Suppose -h*j + 12 = -7*j, r + 2*j + 5 = 0. What is the units digit of r?
1
What is the tens digit of 7977/9 - 54/(-81)?
8
Let p(h) = -11*h**2 - 2*h - h**3 + h - h. Let n be p(-11). Let i = n + -6. What is the units digit of i?
6
Let z = 238 + -113. Suppose 5*h + 4*v = z, 5*h = 5*v + 138 - 58. What is the units digit of h?
1
Suppose 0 = -4*r - s + 1330 + 683, 3*s + 1003 = 2*r. What is the hundreds digit of r?
5
What is the tens digit of ((-320)/(-60) + -3 + -1)*831?
0
Let v be (-16 - -28)*1/2. Let n = 61 + v. What is the units digit of n?
7
Let x(b) = 2*b**2 - 2*b - 2. Let f be x(-1). What is the tens digit of (0 - f) + 11 + 77?
8
Let t = -793 - -1133. Let v = t - 200. What is the units digit of v?
0
Let y = -24 + 255. What is the hundreds digit of y?
2
What is the hundreds digit of 1780 + -2 - (-4 - (11 + -17))?
7
Let w(b) = -2*b**3 + 2*b**2 + 2*b + 3. Let j be w(-2). Let o = j - -76. What is the units digit of o?
9
Let o be 6/(0 + -2) - 9. Let m = o + 17. Suppose 96 = m*h - h. What is the tens digit of h?
2
Let h be (-25)/9 + (-6)/27. Let t(p) = 2 - 4 - 4*p - p - 3*p. What is the units digit of t(h)?
2
Let u = -516 - -851. What is the tens digit of u?
3
Suppose 2*i = 4, 0*s - 5*i = -5*s + 320. Suppose s*t - 63*t = 57. What is the tens digit of t?
1
Let o(k) = 43*k - k**2 + 2 - 27*k - 30*k. What is the tens digit of o(-11)?
3
Suppose 11*z - 6712 = -838. What is the hundreds digit of z?
5
Let o(q) = 2*q**2 - 12*q + 23. What is the units digit of o(-11)?
7
Let p(c) = 5*c**3 + 15*c**2 - 26*c + 15. Let s(g) = 3*g**3 + 7*g**2 - 13*g + 7. Let d(t) = -4*p(t) + 7*s(t). What is the units digit of d(10)?
9
Suppose 0 = -2*l - 1 - 59. What is the units digit of ((-144)/l - 4)*30?
4
Let h(m) = m - 1. Let x(f) = -29*f**2 - 3*f + 6. Let k(g) = -5*h(g) - x(g). Let l be k(-1). What is the tens digit of 4*2/20*l?
1
Let w(s) = 18*s**2 - 8*s - 2. What is the hundreds digit of w(-3)?
1
Let c(x) = -x**3 + x**2 - 6. Let q be c(0). Let f(r) = -r**2 - 13*r - 6. Let i be f(q). Let o = i + -8. What is the units digit of o?
8
Let w = 407 + -294. What is the tens digit of w?
1
Let k(y) = -y**2 + 2*y + 599. What is the hundreds digit of k(0)?
5
What is the tens digit of (-12)/30 - (-68607)/55?
4
Let s(k) = -14*k**2 + 9*k. Let p(t) = -t**2 + 4*t - 7. Let v be p(4). Let o be s(v). What is the units digit of o/(-28) + 2/8?
7
Let o(k) = 476*k**2 + 4*k + 2. What is the hundreds digit of o(-1)?
4
Suppose -66*i + 6066 = -63*i. What is the tens digit of i?
2
Suppose 20*r = 21*r - 2. What is the tens digit of (-47)/r*(-34)/17?
4
Let q be (-4)/((-7)/(63/12)). Suppose -84 = -0*m - q*m. Suppose m = 8*c - 7*c. What is the tens digit of c?
2
Let j(c) = c**3 - 9*c**2 - 8*c - 12. Let d = 12 - 2. Let n be j(d). Let p = 12 - n. What is the units digit of p?
4
What is the hundreds digit of 1038*2/10 + (-154)/(-385)?
2
Let c = -21 - -77. What is the hundreds digit of 1055/7 - (-16)/c?
1
Let n(q) = -3*q + 16. Let i be n(6). What is the units digit of 264/2 - 0 - i?
4
Let o(g) = -g**3 + 5*g**2 + g - 12. What is the units digit of o(-8)?
2
Suppose 0 = -2*k - 5*p + 96, -5*k - 5*p + 202 = -2*p. Suppose i = -3*r + 47, -r - 3*i - 9 + k = 0. What is the units digit of r?
4
Let s(k) = 8*k**2 + 3*k - 3. Let j be s(1). Suppose j*y - 17 = 7*y. What is the units digit of y?
7
Let i = -1014 + 1553. What is the tens digit of i?
3
What is the tens digit of (-388095)/(-105) + (-4)/28?
9
Let q(u) = u + 9. Let v be q(-7). Let y be ((-14)/(-6))/(v/12). What is the units digit of (48/28)/(1/y)?
4
Suppose -v = -5*p + v + 23, -5*v = -p. Let j(n) = -n**3 - 35*n**2 + 6 - 1 + 41*n**2 - 5*n. What is the units digit of j(p)?
5
Let x = 28 - 92. Let s = -35 - x. What is the tens digit of s?
2
Suppose 2*h + 5*l - 79 = 0, 0 = -4*l + 2 - 14. Let q = 14 + h. What is the units digit of q?
1
Suppose 0 = -6*d - 10*d + 14256. What is the hundreds digit of d?
8
Let g = -72 + 72. Suppose g = f + m - 147, 4*m = -2*f + f + 135. What is the tens digit of f?
5
Let w(t) = -324*t**2 - 2*t + 3. Let f be w(1). Let v = -226 - f. What is the units digit of v?
7
Let f(k) = 3*k**2 + 5*k + 4. Let h = 31 + -28. Let c = h - 6. What is the units digit of f(c)?
6
Let o = -25 - -69. Let s = 38 + o. What is the units digit of s?
2
Suppose -6*u - 7 = -4*u + 5*s, -s - 3 = 0. Suppose 2*p = p - u. Let x = p + 13. What is the units digit of x?
9
What is the units digit of -76 - -1500 - (-3 + 0)?
7
Suppose -11 = 5*i - 1. Let o be i/12 + (-282)/36. What is the tens digit of -3 - (o + 2) - -20?
2
Suppose 0 = -2*q + 4*b + 288, 0*b + 2*b - 4 = 0. What is the units digit of q?
8
Let k = 1189 - 509. What is the hundreds digit of k?
6
Let y = 1075 + 2043. What is the hundreds digit of y?
1
Suppose 0 = 2*b - 7*b + 20, -337 = 3*c + 2*b. What is the tens digit of c/(-2) + 3/(-2)?
5
Let x(c) = -c**2 - 2. Let o(f) = f**2 - f + 2. Let t(n) = -3*o(n) - 4*x(n). Let b be t(-1). Suppose b = -k - 4, -k + 15 = m - 8. What is the tens digit of m?
2
Let d be 150/60 - (-6)/4. Suppose 0 = d*z + 2*h - 626, 5*z - 487 = 2*z + 2*h. What is the tens digit of z?
5
Suppose 6*l - 78 = 132. Suppose f - 45 = l. Let j = f - 27. What is the tens digit of j?
5
Let y = 150 - -391. What is the units digit of y?
1
Let h(y) = y + 4. Suppose k - t + 1 = 2, 0 = -5*k + 4*t + 6. Let g be h(k). Suppose -5*m + 104 = 3*l, l + g*m - 2*m = 44. What is the tens digit of l?
2
Suppose -36*f + 5074 = 826. What is the tens digit of f?
1
Suppose 0 = 1710*k - 1715*k + 23525. What is the units digit of k?
5
Let v = 11 + -12. What is the units digit of -6*(1469/(-78) - v/3)?
1
Let n be 9 - 25 - (-2 - 0). Let y(j) = j**3 + 13*j**2 - 15*j - 13. Let i be y(n). What is the units digit of 1/(4/40*i)?
0
Let h = 34 - 52. Let o be -3 - 2/(-4)*h. What is the units digit of (-1)/4 - 279/o?
3
What is the units digit of 15/(-10) - (-6)/((-60)/(-10915))?
0
Suppose -3*u - 11 = -4*s, 7*s + 5*u - 3 = 3*s. What is the tens digit of (-1095)/10*s/(-3)?
7
Suppose 2*l = -j + 17, 3*l - 5*l + 38 = 2*j. Suppose -4*z + 5*i = -47, -3*z = 3*i - 2*i - j. Suppose 17 = p + z. What is the units digit of p?
9
Let q(g) = 17*g**2 + 8*g + 22. What is the tens digit of q(-3)?
5
Suppose 6 = 13*b - 11*b. Suppose 246 = b*i - 3*h, 0 = -0*i - 4*i + 5*h + 327. What is the units digit of i?
3
Let k(r) = r**3 + 12*r**2 + 10*r + 3. Let l be k(-10). Let a = -53 + l. What is the units digit of a?
0
Suppose 0 = 4*a, -2*v - a + 0*a = -24. Let t = 130 + v. What is the units digit of t?
2
Suppose 0*d - d = 1. What is the units digit of (-7 + 4 + 2)*d?
1
Let r = 59 + -135. Let o = 92 + r. What is the tens digit of o?
1
Suppose 2*f + a = 5*f - 33, -3*f - 2*a = -42. Let z = -3 + 5. Suppose -o + 0*l = z*l + 3, 0 = -4*o + 4*l + f. What is the units digit of o?
1
Let l be 2/(-3)*255/10. Let d = 14 + l. What is the units digit of (-6)/(d - 0) - -12?
4
Let z(i) = 59*i - 4. Let v be z(2). Let g = v - 31. What is the tens digit of g?
8
What is the units digit of 1 - -6 - (-8 + 7)?
8
Let b be (1 - (-2 + 2))*-11. Let a = b - -11. Let t = a + 4. What is the units digit of t?
4
Let h(o) = -o + 27. Let x be h(19). Suppose 6*b - x*b + 218 = 0. What is the units digit of b?
9
What is the thousands digit of (-6544)/(-3) - (168/(-36) - -4)?
2
Let k be (-1)/(43/(-14) + 3). Let z(g) = -2*g + 7. Let q be z(k). Let s = 1 - q. What is the units digit of s?
2
Let o(v) be the third derivative of v**6/120 - v**5/15 + v**4/4 - v**3 + 8*v**2. What is the units digit of o(3)?
3
Let g = 24 - 13. Suppose 0 = -5*u + 36 - g. Suppose -10 = u*a - 5, 0 = 2*v + 2*a - 100. What is the tens digit of v?
5
Let l(t) = -211*t + 90. What is the units digit of l(-6)?
6
Suppose v + 295